d - 16. What is the tens digit of y/(-2)*(-20 + 2)?
2
Let l(v) = 19*v**3 - 5*v**2 + 3*v + 3. Let f be l(3). Suppose -3*i = -3*a - f, 4*a + a = 25. What is the units digit of i?
5
Let o = -297 + 338. What is the tens digit of o?
4
Let r(t) = 52*t**3 - 2*t**2 + 2*t - 6. What is the tens digit of r(2)?
0
Suppose 0 = 5*k + 107 - 402. Let y(h) = -5*h + 177. Let o be y(37). What is the tens digit of (-7 - o/2) + k?
5
Suppose -m + 5*y = 0, -m + y + 2 = -2*y. Suppose 0 = -m*a + 3*a + 20. Let g = a - -11. What is the tens digit of g?
2
Let g(p) = 51*p - 200. What is the thousands digit of g(27)?
1
Let h(t) = -t**3 + 5*t**2 + 9*t - 14. Let a be h(6). Suppose -s = -a*s + 591. What is the hundreds digit of s?
1
Suppose 0 = 3*g + 2 + 43. Let h = 19 - g. What is the units digit of h?
4
What is the units digit of (4120 - 6)/(-3 + 5)?
7
Let l(n) = -25*n + 252. What is the units digit of l(-10)?
2
Let v = -25 + 28. What is the units digit of 1*((-3 - -1) + v)?
1
Suppose -3*v + 2259 = 3*y - 8*v, 4*y + v - 3012 = 0. What is the hundreds digit of y?
7
Let j(n) = 4*n**2 + n - n + 131*n**2. What is the tens digit of j(1)?
3
Let o = -311 + 330. What is the tens digit of o?
1
What is the tens digit of (-478)/(-6) - (-6)/18?
8
Let l(b) = 17*b**3 + 1. Let h be l(1). Let q be 104/5 - 36/45. Let a = q - h. What is the units digit of a?
2
Suppose -4*z - 54 = -13*z. Let k(c) = 2*c**2 - 7*c - 6. What is the tens digit of k(z)?
2
Suppose 5*b - 31 = -3*a, -6*a + 19 = -4*a + 3*b. Let g(m) = -m + 2 + 4*m - a*m - 4*m**2 + 3*m**3. What is the units digit of g(2)?
2
Let a(w) = -w**3 - 9*w**2 - 7*w + 9. Let n be a(-7). Suppose -5*l + 2*h + 307 = 0, 5*l = 3*h + 36 + 272. Let v = l + n. What is the units digit of v?
1
Let h = -46 - -40. Let v(l) = -32*l + 11. What is the tens digit of v(h)?
0
Let x(l) = 2*l**2 + 3*l + 3. Let d be x(-1). Suppose 3*c + 3*y - 642 = 0, d*c - 4*y = -0*c + 452. What is the tens digit of c?
1
Let z = -469 + 1839. What is the hundreds digit of z?
3
Let a(j) = 2*j**2 - 3*j + 2. Let k be a(4). Let s be (-2)/(-8) + 153/12. Let n = k - s. What is the units digit of n?
9
Suppose -55 - 105 = 5*g. Let v = 63 + g. Let o = 3 + v. What is the tens digit of o?
3
Let k(t) = 55*t - 278. What is the units digit of k(9)?
7
What is the units digit of (8685/(-10))/(-9)*4?
6
Let t = 385 - -9. What is the tens digit of t?
9
Let c(x) = 4*x**2 - 15*x - 70. What is the hundreds digit of c(-8)?
3
Suppose -2*l + 3*u + 1102 = 0, 4*l - 2206 = -u + 6*u. What is the tens digit of l?
5
Let b = 6073 - 2166. What is the tens digit of b?
0
Let x(l) = 5*l**2 + 3*l + 2. Let k be x(-6). Suppose k = 14*v - 10*v. What is the tens digit of v?
4
Let u be (-3)/(-4) + (-162)/24. Let m(o) = -2*o + 0 - 6 + 0. What is the units digit of m(u)?
6
Let t = 348 + 0. What is the tens digit of t?
4
Let x = 91 + -61. What is the units digit of x/(5/((-650)/(-15)))?
0
Let o(b) = -7*b**3 + 4*b**2 - 18*b + 23. Let p(j) = 13*j**3 - 9*j**2 + 35*j - 45. Let q(i) = 11*o(i) + 6*p(i). What is the tens digit of q(10)?
0
Let u(v) be the third derivative of 5*v**4/24 - v**3/2 - 2*v**2. Let b be (1/2)/((-11)/(-110)). What is the tens digit of u(b)?
2
Suppose 3*a + 2*a = 3*s + 14738, 3*a + 3*s - 8862 = 0. What is the hundreds digit of a?
9
Let y(c) = -c**3 - 5*c**2 - 3*c + 2. Let s be y(-4). What is the tens digit of ((-21)/s)/((-60)/(-400))?
7
What is the units digit of 12012/104*(58/3)/1?
3
Suppose -3 = 4*z - 15. Suppose z*j = -2*j. Suppose -t + 16 + 17 = j. What is the units digit of t?
3
Let y = 446 - 196. What is the units digit of y?
0
Let i = 1966 - 1338. What is the hundreds digit of i?
6
Suppose 0 = 5*m - 2*n + 199, -4*n - 15 = n. Let k(h) = 16*h + 17. Let u be k(3). Let a = m + u. What is the units digit of a?
4
Let g = 18 + -18. Suppose g = 2*y + 2*y - 104. Suppose 3*s - y = s. What is the units digit of s?
3
Let m = 34 - -288. What is the tens digit of m?
2
Let k(b) = b**3 - 26*b**2 + 29*b - 50. Let s be k(25). Let m = 137 - s. What is the tens digit of m?
8
Let q = 10 + -31. Let k = 25 + q. What is the units digit of k?
4
Let i = 24 + -20. Suppose 0 = -0*k + 2*k + 2*x - 270, 3*k - 407 = -i*x. What is the tens digit of k?
3
Let g be ((-18)/12)/((3/6)/(-1)). Suppose 0 = 3*t - i - 4*i - 403, 0 = -t - g*i + 111. What is the tens digit of t?
2
Suppose 3*t = -t + 52. Let p(g) = 6*g - 30. What is the tens digit of p(t)?
4
Let q(p) = p**3 - 6*p**2 + 6*p + 2. Let h be q(6). Suppose x + 14 = h. Suppose z - x = -2*z. What is the units digit of z?
8
Let f = 3 + -14. Let s = 55 - f. What is the units digit of s?
6
Let x(t) = 39*t**2 - 5*t - 36. What is the tens digit of x(-6)?
9
Let h = 173 - 170. What is the units digit of 6/h - 322/2*-2?
4
Let a(y) = 9*y**2 - 7*y - 386. What is the units digit of a(-19)?
6
Let t(k) = -2*k**2 + k - 85. Let m(n) = n**2 - n. Let o(v) = -3*m(v) - t(v). What is the units digit of o(0)?
5
Suppose -9*s + 10*s - 7 = 0. Suppose -12*z + 5 = -s*z. What is the units digit of z?
1
What is the tens digit of 708/(-5 + 6 + 1)?
5
Suppose -2*i + 15354 = 16*i. What is the hundreds digit of i?
8
Suppose m + 0 = -10. Let i = m + 18. Suppose 9*k = i*k + 23. What is the units digit of k?
3
Suppose 0 = -4*j + 8*j - 12. Suppose j*m + 6 = 27. Suppose -o - 2*z + m + 4 = 0, 0 = -3*z + 15. What is the units digit of o?
1
Suppose -5*h + 15 = 2*a, -2*h - a + 4 = -1. Suppose 6 = h*f - 29. Let g(i) = i**2 - i - 10. What is the units digit of g(f)?
2
Let d be (-6)/(-4)*(-1 - (-3 + 4)). What is the units digit of (24/(-10))/(1270/425 + d)?
4
Suppose -2*o + 31 = 3*k, o + 17 = k - 0*o. What is the tens digit of (1 - k/(-2))/((-1)/(-8))?
6
Suppose -3*h = 2*x - 9810, -4*h = -5*x + 1424 - 14527. What is the tens digit of h?
7
Suppose -3*k + 4*g - 24 = 0, 4*k + 17 + 11 = 4*g. Let u(b) = -b**2 - 7*b - 9. Let i be u(k). Suppose -8*v + 65 = -i*v. What is the tens digit of v?
1
Let t(h) = 1273*h**2 - 5*h + 2. What is the hundreds digit of t(1)?
2
Suppose 2 = w - 10. Suppose 12*t - 10*t = -w. What is the tens digit of (-37)/(-1) + (-4 - t)?
3
Suppose x = 2 + 2. Suppose 4*r - 1016 = -x*r. What is the tens digit of r?
2
Let q(u) = u**2 - 8*u + 1. Let t be q(6). Let z(f) be the first derivative of -f**4/4 - 4*f**3 - 13*f**2/2 - 9*f + 4. What is the tens digit of z(t)?
1
Suppose 2*p = 4*z + 44, 3*p = 5*p - z - 29. Suppose -2*j + p = j. What is the units digit of j?
4
Suppose -4*r - 11 = -9*r - j, 0 = -3*r + 3*j + 21. Suppose -5*c = -2*c + 9, r*c + 29 = 5*l. Suppose 0 = v, l*z - 52 = -0*z + 3*v. What is the tens digit of z?
1
Let g(b) = -b - 6. Let w = 32 + -39. What is the units digit of g(w)?
1
Let m be 846 + -2 - 0*1/(-3). Suppose 0*n - p = n - 212, 0 = -4*n - 5*p + m. What is the units digit of n?
6
Suppose -7*f - 32*f + 101322 = 0. What is the units digit of f?
8
Let g(n) = 15*n**2 - 13*n + 47. What is the tens digit of g(-16)?
9
Suppose 0 = -5*d - 10 + 35. Suppose 2*k + 60 = 6*k - 5*i, -3*k - d*i = -45. What is the tens digit of k?
1
Suppose -4*i = f + 55, -4*i + 4*f - 12 = 28. Let t(l) = -6*l - 17. What is the tens digit of t(i)?
6
Suppose 91*b - 330027 = 32699. What is the thousands digit of b?
3
Suppose 0 = p - 1 - 2. Suppose p*q - 24 = 3*z, -5*q - z + 2*z = -36. Let i = q - 3. What is the units digit of i?
4
Let f(g) be the first derivative of -27*g**2 - 8*g - 18. What is the tens digit of f(-2)?
0
Suppose 9*z + 615 - 3576 = 0. What is the hundreds digit of z?
3
Let m(l) be the first derivative of 15*l**4/4 + l**2/2 - 4. What is the units digit of m(1)?
6
Let u = -48 - -70. What is the tens digit of (u/(-3))/(14/(-147))?
7
Let j = 34 - 61. What is the units digit of (-627)/j + 4/(-18)?
3
What is the units digit of 678/4 + (-95)/(-38)?
2
Suppose -29*y = -24*y - 35. Let c(m) = -m**3 + 8*m**2 + 4. What is the tens digit of c(y)?
5
Suppose 6*g = 1854 + 1440. What is the hundreds digit of g?
5
Let h = 12 - 10. Suppose d + 2 = o, -2*o + 3*o + h = 5*d. What is the tens digit of -2*o/(12/(-28))?
1
Let y be (-172)/8 - (-2)/(-4). Let m = -13 - y. Suppose -m*g + 5*g + 44 = 0. What is the units digit of g?
1
Let c(j) = -1847*j**3 + 3*j**2 - 1. What is the thousands digit of c(-1)?
1
Let r = 15 + -23. Let p = r + 56. Let x = -26 + p. What is the tens digit of x?
2
Suppose -15*r - 8514 = -24*r. What is the units digit of r?
6
Let c = 72